66/54 + 2/m?
1
Let h be (-214)/14 - (-4)/14. Let x be 52*((-6)/(-4) - 1). Let l = h + x. What is the tens digit of l?
1
Let p(q) = -4*q + 2. Let z be p(-2). Let t = z - 7. Suppose -4*f + 12 = -t*f. What is the tens digit of f?
1
What is the units digit of -2 - 3/((-12)/1136)?
2
Let f = 259 - 57. What is the hundreds digit of f?
2
Suppose -5*m + 4*i + 163 = 0, -5*i = m - 0*m - 50. What is the tens digit of m?
3
Suppose n = -8 + 24. Let f = 31 - n. What is the units digit of f?
5
Suppose -4*z = -16, -5*c - 7*z = -3*z - 216. What is the tens digit of c?
4
Let n(m) = m - 12. Let g be n(11). What is the units digit of g + (5 - 2) - 0?
2
Let u(o) = o + 6. Let b be u(0). Let c be -2 - (1 - -2*1). Let w = b + c. What is the units digit of w?
1
Suppose -2*h - 3 = h + 3*k, -4*k = -5*h + 31. Suppose h*v + 0*v = 2*o + 14, 4*o - 52 = -4*v. What is the units digit of (-56)/(-7)*18/v?
8
Suppose -3*w = -158 - 97. What is the tens digit of w?
8
Suppose -104 = -2*m - 5*u, -4*m - 5*u + 194 = -2*u. What is the tens digit of m?
4
What is the units digit of ((-30)/(-12))/(10/24)?
6
What is the units digit of 17 - 5/(20/8)?
5
Suppose 0 = z - 4*g + 15, 5*g - 21 = -0*z - z. Let c be z - ((1 - 0) + -3). Suppose 21 + c = 3*y. What is the units digit of y?
8
Suppose 0 = -5*d - 4*j, 0 = 5*d - 0*j + j - 15. Suppose 0*h - 32 = d*h. What is the units digit of (-2)/8 + (-34)/h?
4
Let m be 16*-1*(-68)/16. Suppose 3*j - 7 - m = 0. What is the units digit of j?
5
Let k(s) = -6*s + 3. Let m(a) = a**3 - 10*a**2 + 9*a - 3. Let f be m(9). Let d be k(f). Let p = d - 13. What is the units digit of p?
8
Let w(y) = -y**3 - 3*y**2 + 5*y - 3. Let m be w(-4). Let u(q) = -q + 6. What is the units digit of u(m)?
3
Let l = -4 - -6. Suppose -o = -2*h - l, 2*o = -4*h + h + 4. Suppose -9 = -o*z + 5. What is the units digit of z?
7
Suppose -15 = -3*m + 6. Let t(y) = -3 - y + 6 + m - 2. What is the units digit of t(4)?
4
Let m(k) = -k**3 + 7*k**2 + 2*k + 6. Let o be m(7). Suppose -4*r = r - o. Suppose 0 = -r*d + 2*t + 32, -3*t + 7*t = 4*d - 28. What is the units digit of d?
9
Suppose -47 = -5*i - 177. What is the units digit of 4/i - 952/(-104)?
9
Suppose -3*p + 3*k = 3, 5*k = -8*p + 3*p + 25. What is the units digit of p?
2
Suppose 5*n - 60 = 5*t, 0 = -4*n + 2*t - 7*t + 30. Suppose u + u - n = 0. What is the units digit of u?
5
Let r = 11 + -6. Suppose 8 = 2*n + 3*q + q, 4*n - 5*q = -10. Suppose n = -h - 2 + r. What is the units digit of h?
3
Suppose -3*f - m = 4, 5*f + m + 2*m = 0. Let k = f + 3. Suppose k = -4*z + 5 + 11. What is the units digit of z?
4
Let j(v) = 2*v**2 + 4*v - 17. What is the tens digit of j(-11)?
8
Let n be -5 + (2 - (-1 - -4)). Let z(b) = b**2 + 7*b + 8. Let q be z(n). Suppose 4 = q*v - 12. What is the units digit of v?
8
Let m(q) = 2*q**2 - 2*q - 22. Let x be m(9). Suppose 5*g - x = 13. What is the tens digit of g?
2
Suppose 10 - 13 = -w. What is the units digit of w?
3
Suppose 4 = -4*x, -5*x = -5*w + 4*w + 9. Suppose 4*v - w*z - 8 = 0, -v - 10 = -4*z - 0. What is the units digit of v?
6
Let y = 5 + -1. Suppose -y*p + 32 = -3*p. What is the units digit of p?
2
Let q(h) = -8*h + 2. What is the units digit of q(-7)?
8
What is the units digit of (-6)/3*1*(-242)/4?
1
Let i(t) = t**3 - 6*t**2 + 5*t + 7. Suppose -6*p + 3*p = -m - 7, 0 = -2*m - 2*p + 18. What is the units digit of i(m)?
7
Suppose -g = -m - 22, 2*m + g + 80 = -3*m. Let o be 2/(-3) + m/(-3). Let s = o - -14. What is the units digit of s?
9
Let j be ((-14)/(-4))/((-1)/2). Let g be (108/(-2))/(-4 - -2). Let w = g + j. What is the tens digit of w?
2
Let u(a) = -a + 0*a + 0 - 2 - 5. Let j(t) = t**3 + t**2 - 9. Let l be j(0). What is the units digit of u(l)?
2
Let m be 0/(2*(-1 + 2)). Let k(g) = 3 - 1 - g**3 + m - g - 5*g**2. What is the units digit of k(-5)?
7
Let g(n) = 23*n - 2. Let i be g(2). Let c = -89 + i. What is the tens digit of (-1)/(-1 - 42/c)?
1
Let k(u) = 9*u - 1. Let i be (-28)/(-10) + 2/10. Let v be k(i). Let f = 39 - v. What is the units digit of f?
3
Let a = 0 - -10. Let g = a - -1. Let n = g + -8. What is the units digit of n?
3
Let o = 31 + 9. Suppose -5*a + 110 = -o. What is the tens digit of a?
3
Let k(g) = g**3 - 7*g**2 + 7*g + 8. Let y be (-20)/(-3) - 16/24. What is the units digit of k(y)?
4
Suppose g = -f + 25, g - 4*f - 14 = 6. Suppose v - 4*v + g = 0. Suppose -p + 7 = -v. What is the units digit of p?
5
Suppose 0 = -5*x - 117 - 8. Let b = 0 - x. What is the units digit of b?
5
Suppose 0*j + j = 238. What is the hundreds digit of j?
2
Suppose -5*x + 806 + 119 = 0. What is the hundreds digit of x?
1
Let n be 111/15 + 4/(-10). Let v be (-46)/(-14) + (-2)/n. Suppose 0 = 5*i + l - 20, -5*l + 10 = -2*i - v*i. What is the units digit of i?
3
Let d(a) = -a - 1. Let q be d(-4). Suppose y = q*o - 9, 2*y = -2*o + 5*y + 6. Suppose 2*k - 15 = -o*k. What is the units digit of k?
3
Suppose -4*c + 3*c = 2*m - 15, -5*c = 3*m - 26. Suppose z = 2*z - m. What is the units digit of z?
7
Suppose -3*t + 116 = 2*n - 248, -108 = -t + 2*n. Suppose 5*u = t + 7. What is the tens digit of u?
2
Let i = -6 + 2. Let t = i - -8. What is the tens digit of (t/(-10))/(12/(-360))?
1
Let i = -8 - -8. Let q(x) = -8*x + 0*x + i*x - 1 - 6*x. What is the tens digit of q(-1)?
1
Let t(g) = g**2 + g - 4. Let w be t(-3). What is the tens digit of w/(-4) - (-189)/14?
1
Suppose -12 = -4*c, 8*r - 5*c - 9 = 4*r. Suppose -6*z + 3 = -5*z. What is the units digit of z*1*(r + -5)?
3
Suppose 0 = 4*r + j + 3*j - 352, -455 = -5*r - 2*j. Let s = r - 64. What is the units digit of s?
9
Let v = 13 - 9. Suppose 4*m = -3*o - v, -4*m - m + 5*o + 30 = 0. What is the units digit of m?
2
What is the hundreds digit of ((-270)/(-8))/((-5)/(-20))?
1
Suppose -2*u = y - 12, 0*u - 10 = -2*u. Suppose y*p - p = 12. What is the units digit of p?
2
Let x(u) be the second derivative of -u**5/20 - u**4/3 + u**3/2 - 2*u. What is the units digit of x(-5)?
0
Let z be 0 + -1 - (2 + -3). Suppose z*c + 3*c = 24. What is the units digit of c?
8
Let m(x) = -4*x - 56. Let n be m(-18). Let v(t) = 18*t + 1. Let l be v(2). Let a = l - n. What is the tens digit of a?
2
Let b(l) be the third derivative of l**6/360 + l**5/60 + l**3/3 + l**2. Let f(t) be the first derivative of b(t). What is the units digit of f(2)?
8
Suppose s + p = 57, 4*p = s - 63 + 6. Suppose 0 = 3*n + 2*o - s - 24, 5*n + 4*o - 137 = 0. What is the units digit of n?
5
Suppose -21 = 3*n - 3*c, -9 = 2*n - n + c. Let q(p) = p**3 - 8*p**2 - 8*p - 11. Let h be q(9). What is the units digit of h/n + (-14)/(-8)?
2
Suppose l - 5 = -4*l. Let j be l/((-1)/(12 + -1)). Let c = -6 - j. What is the units digit of c?
5
Let w be 2/8 + 203/(-28). Let t = w + 13. What is the units digit of t?
6
Suppose 1 + 8 = -3*o, 4*l + 4*o + 24 = 0. Let j(f) = -f**2 - 5*f + 4. Let a be j(-5). Let t = l + a. What is the units digit of t?
1
Let g be (-1 + 4)/((-6)/(-16)). Suppose 0 = -m - 3 + 5. What is the units digit of m*-14*(-2)/g?
7
Suppose 0 - 2 = -3*f - g, -18 = -f + 4*g. Suppose 4*w = -0*w + 20. Suppose -3*m = -4*v - 10, -5*v + 7 = w*m - f*v. What is the units digit of m?
2
Let g = 62 - 40. What is the units digit of g?
2
Let g(m) = 5*m - 3. Let o be g(6). Suppose -2*q + 7 = o. Let w = q - -16. What is the units digit of w?
6
What is the units digit of (-4)/(-2 + 36/21)?
4
Suppose -5*u - 3*v + 401 = -274, 5*u + v = 665. What is the units digit of u?
2
Let y(k) = -2*k**2 - 9*k - 1. Let c be y(-4). Suppose 2*r = -3*b - b + 10, b = c*r + 13. What is the units digit of b?
4
Let d(i) = 6*i**3 - i + 1. Let s be d(1). Let c = s + -2. Let p = 13 - c. What is the units digit of p?
9
Let g = 105 - 30. Suppose -9*u + 4*u = -g. What is the units digit of u?
5
Suppose -4*q + 3*q + 2 = 0. Suppose 4 = f - q. What is the units digit of f?
6
Let x(k) = 4*k**2 - k - k + 3 + 3*k + k**3. Let w = -56 - -53. What is the units digit of x(w)?
9
Suppose -o - 2 = -y + 1, -8 = -4*o. Suppose -y*k + 211 = 4*r, 4*r = -3*k - 0*r + 125. What is the tens digit of k?
4
Let j(u) = 4*u**3 - u**2. Let m be j(1). Suppose 0 = 2*d + l - 7, 2*d - m*l = 4*d - 13. Suppose -3*w + d + 7 = 0. What is the units digit of w?
3
Suppose 4*q = -3*h + 40, -4*q - h + 3*h = -20. What is the units digit of q?
7
What is the tens digit of ((-90)/25)/((-3)/30)?
3
Let t(r) = -r**3 + 6*r**2 + 2